2*q + 44. Let a be v(21). Suppose -k - 286 = -z, a*z - 271 = z - 2*k. What are the prime factors of z?
281
Let k(y) = -49*y + 42. List the prime factors of k(-10).
2, 7, 19
Suppose 2*i + 8*h - 480 = 6*h, -2*i - 5*h = -489. What are the prime factors of i?
3, 79
Suppose 11*i = 4*i. Suppose -3*p - 3*w = -40 - 263, i = -2*p + 2*w + 186. Let o = p - 39. List the prime factors of o.
2, 29
Suppose -4*m - 2413 = -5*m + 2*k, -3*k = -3*m + 7224. What are the prime factors of m?
3, 89
What are the prime factors of ((-84)/30)/(3/(-390)) - -1?
5, 73
Suppose -481 = -4*t + 5*j, 3*j = 4*t + 6*j - 505. Suppose 10*m - 6*m - t = 0. What are the prime factors of m?
31
Suppose -x + 2*k + 40 = k, 0 = 2*x + 5*k - 108. Let z = -35 + x. What are the prime factors of z?
3
Let l = -7 + 2. Let x = l + 7. Suppose -38 = -x*g + 34. List the prime factors of g.
2, 3
Suppose 5*t + 5*i = 7700, 3*t + 30*i = 33*i + 4638. What are the prime factors of t?
1543
Let q be (-424)/(-7) + (-24)/42. Suppose 22 = -u + q. List the prime factors of u.
2, 19
List the prime factors of 5534/10 - (5 - 140/25).
2, 277
Suppose -9*f + 11*f = -x + 1282, -3*x + 3204 = 5*f. List the prime factors of f.
2, 3, 107
Let p(l) = 21*l**3 - 4*l**2 + 7*l - 1. What are the prime factors of p(3)?
19, 29
Let p(o) = -3*o**3 - 55*o**2 + 20*o + 6. What are the prime factors of p(-20)?
2, 11, 73
Suppose 3*y - 2*y = 4. Suppose -3*t - 2 = -y*t. Suppose 5*c - 11 = -t*s + 64, c - 4*s = 37. What are the prime factors of c?
17
Let l = -4 - -8. Suppose 0*g - 12 = -l*m - g, 4*m + 8 = 4*g. Suppose -2*r - 4*b = -158, 0 = m*r + 5*b - 0*b - 159. List the prime factors of r.
7, 11
Let v = -4051 + 7161. List the prime factors of v.
2, 5, 311
Let g = 25 + -7. List the prime factors of (-35)/(-14)*g*1.
3, 5
Suppose 33*z - 34*z + 773 = 0. What are the prime factors of z?
773
What are the prime factors of ((-209)/(-22))/(2/168)?
2, 3, 7, 19
Suppose -51*v = -61*v + 3140. What are the prime factors of v?
2, 157
Suppose -3*a + 6716 = -m, -5*m - 7066 - 4114 = -5*a. What are the prime factors of a?
2, 5, 7
List the prime factors of -3*(6 + -2) - -2785.
47, 59
Let j be -2 - (-5)/((-5)/(-2)) - 79. Let z = j + 342. What are the prime factors of z?
263
Let f(q) = 2*q**2 - 59*q + 46. List the prime factors of f(-22).
2, 17
Suppose -167 = 3*d - 1310. What are the prime factors of d?
3, 127
Suppose -61 - 335 = -2*q. List the prime factors of q.
2, 3, 11
Suppose q + 2*x - 119 = 0, -q - 4*x + 122 = -7. Suppose -5*b = 4*m - q, b - m = -2*b + 62. What are the prime factors of b?
3, 7
Let y(z) = 7*z - 1. Let r be y(0). Suppose 0 = 6*h - 4*h - 12. Let x = r + h. What are the prime factors of x?
5
Let d = -1290 - -2698. What are the prime factors of d?
2, 11
Suppose -20*s = -32*s + 1272. List the prime factors of s.
2, 53
Let i(s) = -s**3 - 20*s**2 - s - 23. Let u be i(-20). What are the prime factors of (-3 + (-37 - u))*-5?
5, 37
Let n(u) = -5*u + 14. Suppose -a - 6*a = 84. What are the prime factors of n(a)?
2, 37
Let l = -129 + 193. Suppose -l = -m - m. Let s = 12 + m. What are the prime factors of s?
2, 11
Let n(z) = -z**3 + 27*z**2 + 14*z + 18. What are the prime factors of n(11)?
2, 17, 31
Suppose 4*g = m + 127, -4*m = 3*g - 169 + 50. What are the prime factors of g?
3, 11
Let h(m) = m**3 - 9*m**2 - m + 12. Let t be h(9). Let s be -1*(-6 + t)/(-1). What are the prime factors of s/9*-129 - 4?
3, 13
Let q(k) = -k**3 + 8*k + 3. Let u be q(-6). Let a = 241 - u. What are the prime factors of a?
2, 5, 7
What are the prime factors of ((-42)/(-14))/((-2)/(-270) + 0)?
3, 5
Suppose -2*q + g + 53 = 6*g, 0 = -4*q - g + 115. Suppose -q*p = -37*p + 1448. List the prime factors of p.
181
What are the prime factors of (-6)/(-20) - (-3711923)/890?
43, 97
Suppose 0 = -6*i + 10 + 56. Suppose -r - 3*q - i = 0, 3*q + q + 15 = -r. List the prime factors of 30/12*8*r.
2, 5
Suppose -7*p + 286 = -652. Suppose 5*b - 81 - p = 0. What are the prime factors of b?
43
Suppose 5*i - 2*i - 42 = 0. Suppose 807 = i*r - 313. What are the prime factors of r?
2, 5
Suppose -2*i + 336 = 56. Let k = -93 + i. List the prime factors of k.
47
What are the prime factors of 2*((-24055)/10)/(-17)?
283
Let w(a) = 3*a**3 - 4*a**3 - 16*a**2 - 5*a - 3 + a**2. What are the prime factors of w(-15)?
2, 3
Let g(n) = n**3 - 4*n**2 - 10*n - 13. Let a be g(6). What are the prime factors of (a*13)/(3/(-21))?
7, 13
Let r(h) = 3*h + 1. Let m(t) be the second derivative of t**3/2 - 3*t**2 - 3*t. Let y be m(4). List the prime factors of r(y).
19
Suppose -2*l + 3*k + 6440 + 1466 = 0, 0 = -5*l + k + 19752. List the prime factors of l.
2, 5, 79
Let j = 138 - -397. What are the prime factors of j?
5, 107
Suppose -11 + 33 = -2*h. Let w(y) be the third derivative of y**6/120 + 11*y**5/60 - y**4/4 - 2*y**3/3 - 3*y**2. What are the prime factors of w(h)?
2, 31
What are the prime factors of 2072/5 + (88/(-20) - -4)?
2, 3, 23
Let u(k) = -3*k - 23. Let w be u(-10). Suppose 249 = 3*z - 2*v, 3*v = -2*z + w*v + 166. What are the prime factors of z?
83
Let q(y) = 12*y + 3. Let c be q(1). Suppose 11*u = c*u - 104. List the prime factors of u.
2, 13
Suppose 3*c = -0*c - 3*k - 549, 2*k = 2*c + 386. Let g = c - -281. List the prime factors of g.
3, 31
Let z(w) = -w**3 - 30*w**2 + 14*w - 21. List the prime factors of z(-31).
2, 11, 23
Suppose -4*k + 3*v = -11, -v + 2*v + 3 = k. Let j(s) = -9 + 9*s + 1 - 7*s + s**k. What are the prime factors of j(-6)?
2
Suppose -15 = 5*l - 5*s, 5*s = 2*l + 2*s + 5. What are the prime factors of 7 + l + 26*4?
107
Suppose 0 = -2*w - 2*w + 68. Suppose 4*u + 18 - 78 = 0. Let s = w + u. What are the prime factors of s?
2
Let w(q) = q**3 + 6*q + 471. List the prime factors of w(0).
3, 157
Let a(o) = o + 123. List the prime factors of a(0).
3, 41
Let d(i) = 5*i**2 - 19*i + 54. List the prime factors of d(3).
2, 3, 7
Let f = -14 - -16. Suppose -5*j + 11 = 4*b - 2*b, -j = -2*b + 17. Let x = b - f. What are the prime factors of x?
2, 3
Let r = 2014 - 702. What are the prime factors of r?
2, 41
Let l be (8/20)/((-4)/(-20)). Suppose d + l*a = 22, -2*a = 5*d - 19 - 67. Suppose -3*k - k - 2*g = -d, k + 2*g = 10. What are the prime factors of k?
2
Suppose -13*t - 84 = -9*t. List the prime factors of t/(-78)*450 + 12/(-78).
11
Suppose -5 = r - 0. Let a(m) = -12*m - 8. Let c(x) = -13*x - 9. Let y(p) = r*c(p) + 6*a(p). List the prime factors of y(-4).
5
Suppose -19*u + 6183 = -10*u. What are the prime factors of u?
3, 229
Suppose 187*w + 2005 = 188*w. What are the prime factors of w?
5, 401
Suppose -6*c + 3456 = -2*c. Suppose 12*s - 408 = c. What are the prime factors of s?
2, 53
Suppose 4*p + 3*j = 3275, 2*j = -8*p + 10*p - 1620. List the prime factors of p.
5, 163
List the prime factors of 17326/7 + 2/(-14).
3, 5, 11
What are the prime factors of (-1)/((-11)/24354) + 6?
2, 3, 5, 37
Let z(i) = -33*i + 2731. List the prime factors of z(0).
2731
Suppose 3*d - 727 = 203. Let o = d + -200. What are the prime factors of o?
2, 5, 11
Suppose -36*f = -11362 - 6854. What are the prime factors of f?
2, 11, 23
Let y be (296/40 - 5)*2480/6. Suppose -5*d = -2*a + y - 2543, -1246 = -4*d - a. What are the prime factors of d?
311
Let k = 0 + 3. Suppose -2*p + 4*z + 293 - 95 = 0, 3*z = -k*p + 252. List the prime factors of p.
89
Let t(i) = i**3 - 4*i**2 - 3*i - 7. Suppose 3*l = 11 + 4. Let p be t(l). Suppose -2*g = -p*g + 4. What are the prime factors of g?
2
Suppose -2*k + 6*l - l = 31, 3*l = -4*k - 49. Let d = k + 17. Suppose -d + 14 = y. List the prime factors of y.
2, 5
Let m(f) = -2*f**3 - 87*f**2 + 22*f - 112. List the prime factors of m(-44).
2, 107
Suppose -3*z - 23 = 2*v, 3*v - v = 4*z + 12. Let u(c) = -3*c - 3. Let r be u(v). Suppose b = 29 - r. List the prime factors of b.
2, 5
Suppose 4*c - 91 = -3*p - 30, 111 = 5*p + 2*c. Let k = -19 + p. Suppose k + 9 = i. What are the prime factors of i?
13
Suppose -3*g - 9 = 0, -3*b - 5*g = -8*b - 25. Let p = b - -13. Suppose -5*s + 45 - p = 0. List the prime factors of s.
2
Let g be 4/18 + (-170)/(-45). Suppose 3*t - g*t = 2, -5*h = 5*t + 25. List the prime factors of (-10)/h*60/50.
2
Let p(l) = 46*l**2 + l + 1. Let m be p(2). Let d = -13 + m. List the prime factors of d.
2, 3, 29
Let n(d) = d**3 + 11*d**2 - d - 8. Let t be n(-11). What are the prime factors of 7/(105/395